 57. What is f(10)?
-113
Let k(a) = -a**3 + 8*a**2 - 9*a - 80. Calculate k(7).
-94
Let d(m) = -2*m**2 - 71*m - 887. Determine d(-15).
-272
Let r(m) = 5*m**2 + 19*m + 30. Determine r(-5).
60
Let j(t) = -2*t**3 + 91*t**2 + 46*t - 2. Determine j(46).
-2
Let k(t) = t**3 - 183*t**2 - 22*t + 4090. Determine k(183).
64
Let l(n) = -22*n**2 + 104*n - 118. Determine l(3).
-4
Let o(p) = -p**2 + 8*p + 16. Calculate o(7).
23
Let y(b) = b**2 + 18*b - 567. Calculate y(17).
28
Let x(u) = 18*u - 207. Determine x(10).
-27
Let n(a) = -a**2 - 36*a + 695. Give n(14).
-5
Let r(s) = -2*s**2 + 15*s + 69. Determine r(0).
69
Let v(j) = 79*j**3 + 6*j**2 + 12*j - 1. Give v(-2).
-633
Let b(f) = 30*f - 1446. What is b(49)?
24
Let x(j) = 2*j + 243. What is x(-17)?
209
Let i(d) = d**2 - 2*d - 183. Calculate i(-12).
-15
Let a(h) = 34*h**2 + 10*h. Calculate a(-1).
24
Let u(f) = 2*f**2 - 211*f - 10. Determine u(0).
-10
Let m(v) = 20*v**2 + 261*v - 595. Give m(-15).
-10
Let x(t) = 63*t**2 + 1573*t - 51. What is x(-25)?
-1
Let h(q) = -q**3 - 13*q**2 - 13*q + 10. What is h(-12)?
22
Let v(s) = -2*s**3 + 24*s**2 - 9*s - 22. Calculate v(10).
288
Let n(y) = -16*y**2 + 13*y - 2. What is n(4)?
-206
Let k(q) = -q**3 + 21*q**2 + 6*q - 151. What is k(21)?
-25
Let q(r) = 123*r - 313. Calculate q(3).
56
Let l(t) = -89*t - 2116. What is l(-22)?
-158
Let f(z) = -10*z**2 + 70*z + 7. Determine f(6).
67
Let g(o) = 3*o**3 + 3*o**2 - 8*o - 12. Calculate g(-2).
-8
Let r(q) = -8*q**2 - 57*q - 7. Calculate r(-7).
0
Let u(a) = 2*a**3 - 26*a**2 + 17*a + 25. Calculate u(12).
-59
Let h(j) = 19*j**3 + 403*j**2 + 86*j + 14. What is h(-21)?
-28
Let r(a) = 3*a**3 - 8*a**2 + a + 9. Give r(3).
21
Let b(j) = j**2 - 32*j - 1500. Determine b(-26).
8
Let s(j) = 517*j + 7710. Calculate s(-15).
-45
Let n(k) = -255*k - 6192. Determine n(-24).
-72
Let s(c) = -122*c**3 + 2*c + 3. Calculate s(-1).
123
Let p(a) = 54*a + 54. Calculate p(-1).
0
Let s(r) = 11*r**2 + 68*r - 296. Calculate s(4).
152
Let g(d) = d**3 - 46*d**2 + 39*d + 270. Give g(45).
0
Let i(v) = 159*v - 503. What is i(3)?
-26
Let v(i) = -331*i + 1621. Determine v(5).
-34
Let c(r) = -10*r**3 - 3*r**2 - 5*r + 14. Calculate c(-3).
272
Let t(r) = 546*r + 25125. What is t(-46)?
9
Let x(m) = 31*m + 107. What is x(0)?
107
Let g(t) = -t**2 - t - 39. Give g(-27).
-741
Let u(r) = -r**3 + 24*r**2 + 56*r - 123. Give u(26).
-19
Let h(k) = -k**2 - 11*k + 7. What is h(-12)?
-5
Let i(a) = 46*a + 3143. Determine i(-78).
-445
Let d(v) = -6*v**3 + v**2 + 7*v + 19. Give d(5).
-671
Let i(c) = 5*c**2 + 17*c + 182. Calculate i(-6).
260
Let v(f) = -f**3 + 12*f**2 - 13*f + 22. Calculate v(12).
-134
Let n(l) = l**2 + 55*l - 236. Calculate n(4).
0
Let j(i) = -2*i + 127. Determine j(53).
21
Let z(c) = 2*c**2 + 91*c + 524. What is z(-38)?
-46
Let o(k) = k**3 + 8*k**2 + 316*k + 2897. Give o(-9).
-28
Let u(i) = -2*i**3 + 51*i**2 + 94*i - 355. What is u(27)?
-4
Let d(k) = 6*k**2 + 43*k + 12. Give d(-7).
5
Let y(s) = 3033*s + 15172. What is y(-5)?
7
Let x(a) = -a**3 - 3*a**2 - 3*a + 145. Calculate x(0).
145
Let t(w) = 2*w**3 - w**2 + w + 38. Give t(-4).
-110
Let r(o) = 285*o - 294. Calculate r(1).
-9
Let v(n) = -23*n + 88. Determine v(-8).
272
Let g(k) = 416*k - 9562. Determine g(23).
6
Let t(u) = -u**3 - 19*u**2 - u - 26. Calculate t(-19).
-7
Let o(c) = -33*c + 691. Give o(22).
-35
Let p(i) = 74*i + 3894. Calculate p(-53).
-28
Let i(r) = r**2 - 26*r + 139. Give i(7).
6
Let q(z) = -1666*z - 78301. Calculate q(-47).
1
Let o(y) = y**2 + 38*y - 382. Give o(-39).
-343
Let u(w) = -386*w + 38983. Calculate u(101).
-3
Let g(p) = -p**2 + 28*p - 94. Calculate g(4).
2
Let u(y) = 2*y**2 + 1345*y - 20631. Give u(15).
-6
Let g(n) = -97*n + 1503. Determine g(16).
-49
Let h(u) = -7043*u + 42267. What is h(6)?
9
Let z(l) = 4*l**3 + 70*l**2 + 200*l + 55. What is z(-14)?
-1
Let n(v) = -v**2 - 36*v + 102. What is n(-39)?
-15
Let y(r) = -11*r**2 + 1199*r - 238. Calculate y(109).
-238
Let z(w) = w**2 - 22*w - 758. Give z(-18).
-38
Let u(d) = 300*d - 2. Give u(1).
298
Let q(d) = d**2 - 16*d + 38. Determine q(16).
38
Let d(p) = p**3 + 18*p**2 - 19*p + 35. Determine d(-19).
35
Let l(h) = -6*h**3 - 23*h**2 + 12*h + 25. Calculate l(-4).
-7
Let m(i) = -2*i**3 + 58*i**2 + 77*i - 504. Calculate m(30).
6
Let v(m) = -m**3 - 13*m**2 - 25*m + 12. Give v(-9).
-87
Let m(o) = 2*o**3 + 14*o**2 + 4*o - 11. Give m(-6).
37
Let v(p) = 120*p + 1284. What is v(-10)?
84
Let o(l) = -41*l + 315. Determine o(8).
-13
Let v(a) = a**3 + 23*a**2 - 72*a + 126. Determine v(-26).
-30
Let f(d) = 37*d - 1651. What is f(50)?
199
Let z(r) = r**3 + 43*r**2 - 42*r + 40. Calculate z(-44).
-48
Let r(x) = 59*x - 18. Calculate r(-1).
-77
Let z(t) = -12*t**3 - 42*t**2 - 8*t + 27. Determine z(-3).
-3
Let o(r) = r**2 + 13*r - 461. Determine o(16).
3
Let f(q) = q**2 - 274*q - 4636. What is f(-16)?
4
Let q(x) = -x**3 - 44*x**2 + 293*x + 2344. What is q(-49)?
-8
Let m(x) = 53*x**2 - 3*x + 2. What is m(1)?
52
Let g(p) = 919*p + 1956. Determine g(-2).
118
Let q(c) = -4*c**3 - 300*c**2 - 3*c - 245. Give q(-75).
-20
Let o(k) = -63*k - 102. Calculate o(-2).
24
Let o(y) = 2*y**3 + 16*y**2 + 41*y - 9. Calculate o(-4).
-45
Let l(v) = v**3 - 106*v**2 + 312*v - 345. Calculate l(103).
-36
Let k(y) = y**3 - y**2 - 66*y + 219. Determine k(5).
-11
Let g(a) = -a**3 - 19*a**2 - 63*a - 239. Calculate g(-16).
1
Let g(h) = -11065*h + 99596. What is g(9)?
11
Let s(p) = 271*p - 1724. Give s(7).
173
Let n(x) = -3*x**3 + 453*x**2 + 3319*x - 156. Give n(158).
2
Let c(a) = -3*a**3 + 2*a**2 + 4*a + 6. What is c(2)?
-2
Let l(t) = -t - 104. What is l(-65)?
-39
Let r(k) = -k**3 + 39*k**2 - 45*k + 219. Give r(38).
-47
Let z(f) = -3*f**2 - 86*f + 72. What is z(-29)?
43
Let k(x) = -49*x**3 + 2*x**2 + 3*x + 2. What is k(-1)?
50
Let i(h) = -5*h**2 - 172*h + 247. Determine i(-36).
-41
Let h(u) = -10*u + 83. Determine h(12).
-37
Let i(f) = -3*f**2 - 73*f - 422. Calculate i(-10).
8
Let x(p) = p**2 - 12*p + 27. Determine x(12).
27
Let f(t) = 584*t + 5239. Calculate f(-9).
-17
Let c(f) = f**2 + f - 240. Calculate c(10).
-130
Let l(t) = -4*t**2 + 23*t - 36. Give l(8).
-108
Let b(r) = -3*r + 15. Calculate b(0).
15
Let j(d) = -2*d**3 - 16*d**2 + 3*d + 9. Give j(-8).
-15
Let w(f) = -f**3 - 68*f**2 - 594*f - 602. Determine w(-58).
210
Let q(r) = 9*r - 269. What is q(34)?
37
Let j(p) = 2*p**3 + 94*p**2 - 95*p + 24. What is j(-48)?
-24
Let x(g) = g**3 + 14*g**2 + 18*g + 32. Calculate x(-12).
104
Let j(p) = -p**3 - 19*p**2 - 4*p - 85. Determine j(-17).
-595
Let j(m) = -7*m**2 - 775*m - 548. Determine j(-110).
2
Let j(u) = 1472*u + 16188. Give j(-11).
-4
Let h(u) = -26*u**3 - 106*u**2 - 5*u + 13. Calculate h(-4).
1
Let b(a) = -3*a**3 + 26*a**2 + a + 68. Determine b(9).
-4
Let s(i) = i**3 + 14*i**2 + 41*i + 75. Give s(-7).
131
Let h(l) = -l**3 + 38*l**2 - 294*l - 236. Determine h(12).
-20
Let f(u) = -u**2 + 63*u + 131. What is f(-2)?
1
Let i(t) = -2*t**3 + 24*t**2 - 83*t - 7. Determine i(11).
-678
Let a(s) = s**3 + 15*s**2 - 190*s + 92. What is a(-23)?
230
Let n(i) = i**2 + 43*i + 370. Calculate n(-10).
40
Let m(p) = -3*p**3 + 34*p**2 - 6*p - 73. Calculate m(11).
-18
Let u(r) = -4033*r - 28274. What is u(-7)?
-43
Let o(h) = -5*h**2 + 181*h + 1224. What is o(42)?
6
Let q(r) = -r**3 + 44*r**2 - 82*r - 258. Determine q(42).
-174
Let x(y) = -41*y - 422. Calculate x(-11).
29
Let a(l) = -151*l**2 + 46*l. Determine a(-1).
-197
Let d(r) = -r**2 + 10*r - 50. Determine d(13).
-89
Let u(f) = -f**3 + 10*f**2 - 8*f + 2. Give u(8).
66
Let t(f) = -468*f + 22936. What is t(49)?
4
Let f(h) = -6*h**3 - 1143*h**2 + 577*h + 764. Determine f(-191).
0
Let x(n) = -6*n - 25. Give x(-6).
11
Let i(c) = 13*c - 726. Give i(48).
-102
Let j(h) = -1029*h + 3082. Calculate j(3).
-5
Let f(c) = -162*c - 15. Determine f(-1).
147
Let h(p) = 44*p**2 - 352*p + 9. Give h(8).
9
Let p(s) = -s**2 - 71*s - 1165. Calculate p(-25).
-15
Let y(k) = k**3 - 19*k**2 + 67*k - 89. Calculate y(15).
16
Let t(g) = 524*g**2 - 13*g - 13. Determine t(-1).
524
Let t(r) = r**2 - 5*r + 54. What is t(0)?
54
Let f(d) = 99*d**3 - d**2 + 5*d + 6. Determine f(-1).
-99
Let a(b) = -9*b**3 - 13*b - 13. What is a(-3)?
269
Let m(s) = -2*s**3 + 91*s**2 + 43*s + 90. What is m(46)?
-48
Let q(p) = -6*p - 94. Determine q(-6).
-58
Let j(c) = 21*c**3 - c**2 - 6*c - 4. What is j(-